= 4*r. List the prime factors of p.
2, 5
Let b = 9 - 8. Suppose -2*k = b - 7. Suppose 0 = -k*s + 6 + 39. List the prime factors of s.
3, 5
Let d = -41 - -85. List the prime factors of d.
2, 11
Suppose 4*d + 16 = 0, -3*y - 2*d + d = -2. Let n = y - 2. Suppose n = -3*w - 4*k + 53, -20 = -3*w + 3*k - 2. List the prime factors of w.
11
Let b = 26 + 23. What are the prime factors of b?
7
Let i = 9 + -4. Let n(v) = -v**2 + 6*v + 2. Let z be n(i). Suppose 5*s = z + 8. What are the prime factors of s?
3
Let r = 6 + 4. List the prime factors of r.
2, 5
Suppose 5*g = 2*g - 33. Let h = g - -29. What are the prime factors of h?
2, 3
Let l = -47 - -92. Suppose 0*h = 3*h - l. List the prime factors of h.
3, 5
Let k(v) = 3*v**2 - 5*v + 3. What are the prime factors of k(3)?
3, 5
Suppose v - 3*q - 31 = -5*q, -3*q - 15 = 0. What are the prime factors of v?
41
Let v(o) = -3*o**2 + 6*o + 9. Let u(d) = -2*d**2 + 6*d + 9. Let m(i) = 4*u(i) - 3*v(i). Let n be (-2)/(-1) + -4*2. List the prime factors of m(n).
3
What are the prime factors of (2/1)/(2/48)?
2, 3
Suppose -16 = -2*l - 2*r, 2*l = 7*l - 5*r. Suppose -15 = -5*x + b, x - 2*b + l = -2. Suppose -4*z + 31 = -0*v - 3*v, x*v + 4 = 0. List the prime factors of z.
7
Suppose -12*j + 2805 = 5*j. List the prime factors of j.
3, 5, 11
Let v = 6 - 0. Suppose 2*n - 24 = -r, -2*n + r + 8 + 12 = 0. Let u = n - v. List the prime factors of u.
5
What are the prime factors of (-226)/(3 + -2 + -3)?
113
Let j be (-69)/(-15) - 2/(-5). Suppose 0*i = -j*i + s + 24, -i = 2*s - 7. Suppose 13 = p + m, -i*m + 15 - 5 = 0. What are the prime factors of p?
11
Suppose -106 = -9*o + 218. List the prime factors of o.
2, 3
Suppose -2*w - w = 0. Suppose 5*c + 5*x = c - 7, w = -c - 4*x + 12. Let q(m) = -2*m + 3. List the prime factors of q(c).
19
Let f be (2/(-4))/((-4)/24). Suppose f*g - 6*g + 30 = -3*m, -4*g - 4*m + 40 = 0. List the prime factors of g.
2, 5
Suppose 5*u = 194 + 201. What are the prime factors of u?
79
Let y(k) = -k**2 - 14*k - 15. List the prime factors of y(-11).
2, 3
Let a(s) = s + 0*s + 5 + 6. Let r be a(0). Let p = r - 7. What are the prime factors of p?
2
Let c(l) = l**2 + 7*l - 5. Let s be c(-6). Let r = 7 + s. Let i(d) = -2*d. What are the prime factors of i(r)?
2
Let f(n) = -n**3 - 3*n**2 - n + 4. Let a be f(-4). What are the prime factors of 468/a - (-2)/4?
2, 5
Suppose 0 = z + 3*z. Suppose 4*s + s - 60 = z. Suppose 3*w + 95 = 5*t + s, 4*t - 63 = -w. List the prime factors of t.
2
Suppose y = 2*y + x - 266, x + 790 = 3*y. What are the prime factors of y?
2, 3, 11
Let q(d) = d**3 - 5*d**2 + 5*d. Let o be q(4). Suppose -g - o*g + 65 = 0. What are the prime factors of g?
13
Let d(o) = 3*o - 1. Let j be d(-4). Let n = -3 - j. What are the prime factors of n?
2, 5
Let u = 2 - 7. Let p(h) = -8*h - 6. What are the prime factors of p(u)?
2, 17
Let q = 9 - 5. Let o(p) = p + 5. List the prime factors of o(q).
3
Let k = 10 - 6. Suppose -y = k*y. Suppose y = -5*i - 0 + 25. List the prime factors of i.
5
Let v be 5*(8 - -2) + -1. Suppose 2*y = -2*c + y + v, 3*y = -9. What are the prime factors of c?
2, 13
Suppose 3*s - 10 = s. Let l = 15 - s. What are the prime factors of (l/(-3))/(4/(-12))?
2, 5
Let p = 64 - 10. Let s = -34 + p. What are the prime factors of s?
2, 5
Suppose -52 = k - 3*k. Suppose 3*l + d - 47 = 0, -24 - k = -4*l + 5*d. List the prime factors of l.
3, 5
Let h be 0/(1*(2 + 0)). Let o = -7 - h. Let p = 0 - o. What are the prime factors of p?
7
Suppose -l + 12 = 3*l. Let a(i) = -3*i + 1 - 1 - l. What are the prime factors of a(-5)?
2, 3
Suppose 0 = -2*b + 6 + 42. Suppose -5*x - 30 = 3*i, 4*x + 0*i + b = 5*i. Let y = x - -16. List the prime factors of y.
2, 5
Let u(b) be the third derivative of -b**4/8 - 7*b**3/3 - 2*b**2. List the prime factors of u(-12).
2, 11
Let c(y) = -2*y**3 - 6*y**2 - 5*y - 1. What are the prime factors of c(-4)?
3, 17
Let s(k) = -2*k**2 + 3*k - 4. Let b be s(3). Let o = b - -24. What are the prime factors of o?
11
Suppose 5*r - 4*p - 264 = 0, 2*r = -2*p + 135 - 33. List the prime factors of r.
2, 13
Let l be 2/(-8) - 843/(-12). Suppose -2*j + j + 5*c + 35 = 0, 0 = 2*j + 2*c - l. Suppose -j = -5*s - 0*s. List the prime factors of s.
7
Let l(x) = -x**3 + 4*x**2 + 3*x + 2. Suppose 20 = m + 4*m. List the prime factors of l(m).
2, 7
Let m be 3*(1/(-3))/(-1). Let d = -1 + -1. What are the prime factors of 8 + (m + d - -1)?
2
Let f be 7/21 + -1*2/6. Suppose 0*h - 14 = -4*h + 5*s, -5*s = -10. List the prime factors of f + h + (-1 - -2).
7
Let m be (1 + -2)/((-1)/56). Let d = -33 + m. Suppose -d = -5*x + 32. What are the prime factors of x?
11
Suppose -4*c + 0*i - 97 = -i, -3*i - 134 = 5*c. Let z = c - -47. List the prime factors of z.
2, 11
Suppose -40 + 140 = 4*b. Suppose 15 = -5*r + 3*h, 5*h + 0*h - b = 5*r. Suppose r*p = -3*p + 30. List the prime factors of p.
2, 5
Let g = -32 - -48. Suppose g = 5*k - 9, 2*k - 182 = -4*t. List the prime factors of t.
43
Let f(z) = 5*z**3 + 7*z**3 - 7 - 4*z - 5*z**2 - 13*z**3. List the prime factors of f(-5).
13
Let o(j) = -j**3 + j**2 + 4*j + 3. List the prime factors of o(-2).
7
Let h = -4 + 3. Let v = 1 - h. Suppose 2*o = -v*o + 16. List the prime factors of o.
2
Suppose -3*q + q = -3*j + 196, 0 = -j + 3*q + 70. List the prime factors of j.
2
Let z(l) = -l**3 + 6*l**2 - 2*l + 6. Let m be z(6). Suppose 15 = 2*i - 7. Let y = i + m. What are the prime factors of y?
5
Suppose 0 = 5*g + v - 355, 0 = 6*v - 10*v. List the prime factors of g.
71
Suppose -316 = -12*k + 10*k. What are the prime factors of k?
2, 79
Let w = 6 + -3. Let u(t) = t. Let s be u(w). Suppose -s*c = c - 32. List the prime factors of c.
2
Let n(m) = 12*m**2 - 1. Let p(k) = k**2 + 5*k + 6. Let v be p(-4). Let z = -1 + v. What are the prime factors of n(z)?
11
Suppose -5*v + 12 = 4*u, 5*v + 5 = 5*u - 55. Suppose u*j = 6*j + 12. What are the prime factors of j?
2, 3
Suppose 0*h - 2*h = -16. Suppose h = -3*o - 22. Let m(d) = -d + 1. List the prime factors of m(o).
11
Let k(f) = f - 2. Let c be k(6). Suppose -c = -q - q. Suppose -5*g = -n - q*g + 24, 3*n - g = 32. List the prime factors of n.
3
Let q = 38 - 23. What are the prime factors of q?
3, 5
Suppose -197 + 41 = -4*v - 4*d, 0 = -4*v - 5*d + 161. List the prime factors of v.
2, 17
Suppose -2*u - 11 = -5*d + 14, -u = d + 2. Suppose 0 = 3*k + 2*w - 2, 1 = -3*k + 5*w - 4. Let x = k + d. List the prime factors of x.
3
Let r(p) = p**3 + 3*p**2 - 2. Let n be r(2). Let u = 9 - 6. List the prime factors of u/n + 101/6.
17
Suppose 5*g - 2 = -3*m, 5*m - m - g - 18 = 0. Suppose 5*c = -4*n + 132, -2*c + 5*c = m*n - 100. What are the prime factors of n?
2, 7
Let o(r) = 5*r**2 + 2*r + 7. List the prime factors of o(-6).
5, 7
Suppose 4*r - 5*r + 12 = 0. Let o = -29 - -29. Suppose m - r = -3*s - 2*m, o = -5*s - 2*m + 17. What are the prime factors of s?
3
Let l be 5*(-2 + 4 + -1). Suppose l*o - 168 = -3*n, -n = 2*n + 12. What are the prime factors of o?
2, 3
Let o(w) = -w**2 + 3*w + 2. Let t be o(4). List the prime factors of (-56)/(-12)*(-3)/t.
7
Suppose -4*q = 3*m - 715, -3*m + 2*m = -2*q - 235. Let d be (-2)/(-8) - m/(-12). Suppose 7*x = 3*x + d. What are the prime factors of x?
5
Let z be ((-28)/10)/(2/(-5)). Suppose 0 + z = q. Let d(r) = -r**2 + 8*r + 4. What are the prime factors of d(q)?
11
Let o be (-935)/45 - 4/18. Let x = o - -34. What are the prime factors of x?
13
Suppose 0 = -p + 4, 3*p = -2*q - p + 550. List the prime factors of q.
3, 89
Suppose 3*d - 32 - 1 = 0. Let m(q) = q - 1. List the prime factors of m(d).
2, 5
Suppose -1 = z, -5*h - z - 2*z = 13. Let m = 7 - h. List the prime factors of m.
3
Let w(v) = 2*v**2 + 6*v + 6. What are the prime factors of w(-5)?
2, 13
Let w(c) = c**3 + 5*c**2 + 4*c + 4. Let r be w(-4). What are the prime factors of ((-2)/r)/(7/(-56))?
2
Let z(l) = l**2 + 6*l - 3. Suppose v = -3 - 2. Let c be z(v). List the prime factors of 1 + (0 - 1) - c.
2
Let k(u) = -3*u**2 - 1. Let v be k(1). Let a = v + 23. Let d = a + 3. What are the prime factors of d?
2, 11
Let d be -1*0/(-6 - -3). Suppose w = -2*o + 4, -4*w - 3*o + 8*o + 81 = d. What are the prime factors of w?
2, 7
Let d = -30 - -28. Let q(x) = -7*x**3 - x**2 + x + 2. List the prime factors of q(d).
2, 13
Let j(p) = -p**2 - 2*p**3 - 1 - 1 - 2 + p**3. What are the prime